
What is -2bc2 (base 14) in base 12?
-4632
1a8 (base 14) to base 13
206
10010001001 (base 2) to base 11
966
Convert 1872 (base 9) to base 8.
2642
2031 (base 6) to base 7
1213
Convert 1010004 (base 5) to base 4.
3331332
-10446 (base 9) to base 10
-6927
What is 11015 (base 6) in base 9?
2072
-30462 (base 9) to base 14
-7451
-1653 (base 8) to base 15
-429
Convert 1754 (base 8) to base 10.
1004
Convert 422340 (base 5) to base 3.
201100001
What is -1372 (base 11) in base 12?
-1039
Convert -1220 (base 13) to base 5.
-40221
Convert -94a (base 16) to base 10.
-2378
-132 (base 15) to base 5
-2042
Convert 1110011 (base 3) to base 14.
557
-1344101 (base 5) to base 6
-333430
Convert -11310 (base 9) to base 14.
-2a6a
3bdb (base 16) to base 11
10570
Convert -594 (base 12) to base 14.
-436
What is -210445 (base 6) in base 14?
-62bb
-10000111111000 (base 2) to base 6
-104132
Convert 1001100010011101 (base 2) to base 11.
27398
100100001110 (base 2) to base 12
1412
-c97 (base 15) to base 3
-10220021
538a (base 11) to base 3
100202120
-1144030 (base 6) to base 3
-10001222200
4b3 (base 15) to base 9
1416
Convert 9803 (base 11) to base 14.
4a10
Convert 1231 (base 8) to base 15.
2e5
Convert 12600 (base 7) to base 9.
4566
150 (base 13) to base 12
176
What is -1525 (base 9) in base 12?
-805
-1222022221 (base 3) to base 8
-113736
Convert 10111100000100 (base 2) to base 10.
12036
Convert 40355 (base 8) to base 14.
60b3
-20242 (base 5) to base 6
-10042
Convert 200 (base 10) to base 4.
3020
363 (base 14) to base 12
483
Convert -460 (base 7) to base 3.
-22211
-809 (base 16) to base 15
-922
Convert -3848 (base 10) to base 5.
-110343
What is -151 (base 10) in base 9?
-177
-449 (base 15) to base 3
-1022220
What is 1222 (base 8) in base 13?
3b8
What is -100012 (base 3) in base 5?
-1443
Convert 520 (base 12) to base 14.
3b2
What is 267 (base 14) in base 13?
2b2
What is -10101000110110 (base 2) in base 7?
-43335
14604 (base 8) to base 15
1e07
Convert -ae8 (base 16) to base 7.
-11066
-101010000110 (base 2) to base 12
-1686
-421b (base 12) to base 15
-2218
What is -1517 (base 11) in base 14?
-9d8
-a906 (base 13) to base 10
-23497
Convert -3256 (base 7) to base 5.
-14133
-19d (base 15) to base 4
-11311
What is 12172 (base 13) in base 12?
17281
What is 110220 (base 3) in base 7?
1005
Convert 334230 (base 5) to base 14.
443d
What is -10304 (base 5) in base 4?
-23000
Convert 1000202 (base 3) to base 13.
458
Convert -b011 (base 15) to base 9.
-55847
-114022 (base 5) to base 11
-3225
What is 7a9b (base 15) in base 4?
12112211
-211333 (base 4) to base 6
-15131
What is 36 (base 15) in base 16?
33
-10011011 (base 2) to base 11
-131
-14371 (base 9) to base 6
-113144
Convert -141773 (base 8) to base 14.
-143d9
What is -1907 (base 12) in base 13?
-14c2
Convert 252 (base 13) to base 11.
339
323512 (base 7) to base 8
156272
Convert 45 (base 7) to base 11.
30
What is -a7d2 (base 16) in base 15?
-cae2
What is -650 (base 15) in base 8?
-2621
What is 31122 (base 5) in base 9?
2713
Convert 3214 (base 5) to base 9.
532
Convert 341044 (base 5) to base 3.
121111100
-7 (base 8) to base 12
-7
68b6 (base 15) to base 11
15771
120012022 (base 3) to base 8
25506
10112011 (base 4) to base 3
220102011
What is -180a (base 14) in base 8?
-10342
Convert 5359 (base 10) to base 3.
21100111
708 (base 9) to base 14
2d1
Convert 226b2 (base 13) to base 8.
172323
Convert 7630 (base 16) to base 8.
73060
35165 (base 8) to base 12
87b1
Convert 101430 (base 6) to base 3.
102012000
What is -2426 (base 8) in base 6?
-10010
Convert -4288 (base 10) to base 8.
-10300
Convert -43 (base 12) to base 5.
-201
Convert 288 (base 15) to base 3.
210102
1120012120 (base 3) to base 4
13200300
What is 506 (base 8) in base 4?
11012
Convert 1123 (base 4) to base 5.
331
Convert 1634 (base 8) to base 16.
39c
Convert -503042 (base 6) to base 12.
-1aa82
-23451 (base 7) to base 3
-22022120
Convert -10000011001 (base 2) to base 3.
-1102212
-15335 (base 7) to base 2
-1000011000001
What is 2523 (base 6) in base 7?
1554
Convert -43691 (base 10) to base 8.
-125253
What is 100011000 (base 2) in base 10?
280
What is -2121012 (base 3) in base 14?
-995
-333342 (base 5) to base 13
-5449
Convert -111210 (base 4) to base 9.
-1803
What is 858 (base 9) in base 8?
1275
What is 444 (base 13) in base 8?
1334
Convert 324201 (base 5) to base 7.
44404
What is 100302 (base 5) in base 13?
15c4
What is -1110000000101 (base 2) in base 14?
-2885
What is 251512 (base 6) in base 13?
a29b
8e01 (base 15) to base 9
45321
Convert 11303 (base 4) to base 10.
371
324 (base 7) to base 4
2211
2300321 (base 4) to base 11
8562
42117 (base 8) to base 7
101661
-113230 (base 4) to base 13
-8c8
Convert b46 (base 13) to base 12.
1139
Convert 162 (base 16) to base 9.
433
What is -588 (base 15) in base 8?
-2345
Convert -10112000 (base 3) to base 9.
-3460
What is -20abc (base 14) in base 7?
-446125
Convert -13220 (base 12) to base 6.
-321240
-110000001010 (base 2) to base 4
-300022
-123 (base 9) to base 2
-1100110
What is -8143 (base 10) in base 15?
-262d
What is 1032203 (base 4) in base 7?
20441
Convert 245532 (base 6) to base 5.
1201031
10414 (base 6) to base 16
5aa
What is -5151 (base 11) in base 10?
-6832
6294 (base 10) to base 2
1100010010110
Convert -8201 (base 12) to base 6.
-145201
What is 20950 (base 10) in base 4?
11013112
1241324 (base 5) to base 6
305501
Convert 1140 (base 9) to base 2.
1101001110
25861 (base 9) to base 5
1024340
-1494 (base 16) to base 10
-5268
11011100 (base 2) to base 10
220
-600 (base 11) to base 14
-39c
-2227 (base 8) to base 16
-497
What is -2280 (base 10) in base 16?
-8e8
Convert -5703 (base 9) to base 11.
-3192
-1248 (base 12) to base 8
-4030
Convert 3743 (base 8) to base 2.
11111100011
What is 10c (base 13) in base 3?
20201
-71036 (base 8) to base 14
-a90a
What is -1100110010 (base 2) in base 16?
-332
What is ce88 (base 16) in base 3?
2200112020
Convert -171c (base 13) to base 9.
-4603
Convert -1455 (base 9) to base 16.
-44f
What is 138 (base 15) in base 13?
185
What is -437 (base 16) in base 13?
-650
-113000 (base 4) to base 8
-2700
What is 915 (base 10) in base 7?
2445
Convert -11891 (base 12) to base 16.
-5cad
Convert 16154 (base 7) to base 13.
20ba
-13125 (base 7) to base 6
-24110
What is -3a78 (base 15) in base 5?
-344423
What is -96dc (base 16) in base 14?
-10108
103334 (base 7) to base 6
215212
What is 1191 (base 14) in base 5?
44232
-2b87 (base 14) to base 15
-2478
Convert -2002 (base 6) to base 13.
-275
What is -1072 (base 9) in base 14?
-40a
b3b0 (base 12) to base 2
100110001110100
Convert -175 (base 8) to base 11.
-104
2212444 (base 5) to base 7
220146
What is 4639 (base 12) in base 11?
5970
What is -1b09 (base 13) in base 15?
-1310
What is -22341 (base 10) in base 12?
-10b19
What is -5513 (base 13) in base 14?
-4462
-e32 (base 15) to base 2
-110001111101
297 (base 13) to base 8
716
What is 5557 (base 11) in base 8?
16232
2298 (base 13) to base 15
168c
What is -1088 (base 13) in base 7?
-6506
What is -2944 (base 10) in base 15?
-d14
What is -200210 (base 3) in base 8?
-773
Convert -93a (base 11) to base 3.
-1112221
Convert -224450 (base 7) to base 8.
-116123
335 (base 16) to base 14
429
1200340 (base 5) to base 12
1086a
-c87 (base 14) to base 8
-4647
-179 (base 11) to base 5
-1312
What is -1111001111 (base 2) in base 13?
-5a0
What is 1002231 (base 4) in base 13?
1c35
Convert 626b (base 12) to base 7.
43211
110110 (base 5) to base 14
1540
What is -14404 (base 5) in base 13?
-737
Convert -10565 (base 7) to base 9.
-3622
Convert 3333 (base 7) to base 13.
714
What is 11174 (base 10) in base 14?
4102
Convert -335 (base 9) to base 10.
-275
What is -14cd (base 16) in base 8?
-12315
What is -110100100010 (base 2) in base 10?
-3362
Convert 1812 (base 9) to base 6.
10232
-101 (base 2) to base 15
-5
What is 103303 (base 4) in base 16?
4f3
-140a (base 12) to base 16
-90a
Convert -8826 (base 9) to base 10.
-6504
What is -9400 (base 13) in base 5?
-1123244
What is -100341 (base 7) in base 8?
-41127
What is 24b (base 15) in base 6?
2225
What is aaa (base 12) in base 4?
120202
Convert -5428 (base 9) to base 7.
-14435
What is -232215 (base 6) in base 16?
-4df3
-134 (base 7) to base 10
-74
-7402 (base 9) to base 14
-1d9b
Convert -1000011122 (base 3) to bas